te?
False
Let y = -22 - -42. Suppose 0 = -17*z + y*z - 3636. Suppose -z = -6*h + 402. Is h prime?
True
Suppose 2*x = -p + 386130, x - 4*p = -72039 + 265068. Is x a prime number?
False
Suppose -3*k = 2*t + 8933, 5*t - 5*k + 2477 = -19868. Is (t/(-8))/(9/18) a prime number?
True
Suppose -4*a - 66709 = -4*k + 760091, 1033491 = 5*k + 4*a. Is k a prime number?
True
Suppose p + 3*t - 10907 + 2335 = 0, -4*p = -3*t - 34228. Let r = 16947 - p. Is r composite?
False
Let m(t) = -681*t - 27 + 6*t**3 - 27 + 677*t. Is m(10) prime?
False
Let q(c) = -20*c**2 - 12*c + 45. Let g(m) = -42*m**2 - 24*m + 92. Let l(t) = -3*g(t) + 5*q(t). Is l(8) prime?
True
Is (9 - -14272)*(-1 - -2) prime?
True
Let d(i) = -5361*i + 2. Let x(y) = 5362*y - 3. Let p(c) = 4*d(c) + 5*x(c). Is p(1) a composite number?
True
Is (-370959)/(20/((-460)/69)) a prime number?
True
Is (-1271479215)/(-2277) - (-4)/(-66) a composite number?
False
Let i(r) = -2428*r + 1. Suppose -70 = -5*c - 30. Let x(s) = s**2 - 6*s - 17. Let u be x(c). Is i(u) a prime number?
False
Let d = -1053033 - -2566660. Is d a composite number?
True
Let u(h) = -h**2 + 6*h - 3. Let f be u(7). Let v(k) = -k**2 - 10*k + 2. Let o be v(f). Suppose 0*g + 278 = o*g. Is g prime?
True
Suppose 4*a - 20 = -4*t, -21*a + 5*t = -22*a + 5. Suppose 0 = -4*c + 4*y + 3392, -6435 = -a*c - y - 2177. Is c composite?
True
Suppose 0 = -807*f + 757*f + 20531450. Is f prime?
True
Let b = 130153 - 66955. Suppose 38*d = 686656 + b. Is d composite?
True
Suppose -2*o = 3*c, -o - c + 13 = -6*c. Suppose -m = 3*y - 19, 15 = 3*y - 0*m + o*m. Suppose -y*j - 6264 = -31877. Is j a composite number?
False
Suppose 3*n - 58665 = 226905 + 407079. Is n a prime number?
False
Let r = 339 + -198. Suppose -x - 4010 = -5*v, v - 969 = -5*x - r. Suppose v = 2*z + 3*z + 4*k, 5*z - 821 = 2*k. Is z a prime number?
True
Is 9/(-2) + 3623350/20 a composite number?
True
Let k be ((-56)/(-3))/4 - 24/36. Suppose -4*v + 3*o = -3484, -k*v - 2*o + 3484 = -6*o. Is v a composite number?
True
Suppose -8*k = -211 - 381. Is (-117186)/(-26) + (k/26 - 3) composite?
False
Suppose -12*r + 43794 + 59346 = 0. Suppose 61325 = 10*t + r. Is t prime?
True
Let o(g) = 5*g**2 - 3*g + 13. Let j be o(2). Let u(h) = -2*h**2 + 65*h - 4. Is u(j) composite?
False
Suppose -43*z + 40*z - 21117 = 0. Is (z/(-2))/(3/6) a prime number?
True
Let o = 1716 - -22141. Is o a composite number?
False
Let m = -57 - -55. Let c be (-9)/18*5878*m. Suppose 5*y - c = -2*t, 8*t - 14695 = 3*t + 3*y. Is t a prime number?
True
Let h(s) = -s**2 - 3*s - 4. Suppose -b = 4*y - 17, 2*b - 4*y + 16 = -2*y. Let c be h(b). Is 4 + c + 16 + -1 prime?
False
Suppose 56*t + 51*t - 184817009 = -73815102. Is t a prime number?
True
Let k = 52 - 48. Suppose 0*j + k*j = 5*g - 114, -3*j = g - 19. Let i(h) = h**2 - 13*h + 7. Is i(g) a prime number?
False
Suppose 0 = 5*a - 118 + 33. Suppose 5346 = 7*y - 12434. Suppose a*k + y = 21*k. Is k a composite number?
True
Suppose -22*a + 41*a + 25*a - 313324 = 0. Is a prime?
True
Suppose -6079 = -5*z + 4*n + 457020, -4*n - 277853 = -3*z. Is z a prime number?
True
Let k(t) = 1676*t**2 + 38*t + 143. Is k(-7) a composite number?
True
Let q be (-752)/32 + (-2)/(-4). Let d(z) = 2*z**3 + 50*z**2 + 41*z - 50. Is d(q) a composite number?
False
Let i be -1 - ((-192)/40 + 2/(-10)). Suppose -i*j = 6*v - 4*v - 2326, j + 3489 = 3*v. Is v composite?
False
Let o = -28347 + 58682. Is o prime?
False
Suppose 0 = m + 2*j - 194101, m + 15*j - 194131 = 19*j. Is m a composite number?
True
Let g be (-1)/(-3) - (-34485)/(-45). Let x = -507 - g. Let i = 36 + x. Is i composite?
True
Suppose 0 = b + 5*c + 15, b = 5*c - 4*c + 9. Suppose b*n - 5533 + 38 = 0. Is n composite?
True
Let m be -3 - -1*(-1 - -4). Suppose m = 5*a - 14 + 4. Suppose o + a*l = 6*o - 3327, 4*o - 3*l = 2656. Is o a composite number?
True
Suppose 6 + 45 = 2*o + 5*p, 2*o = -2*p + 48. Let w(r) = 24*r**2 + 14*r + 9. Let a(c) = -13*c**2 - 7*c - 5. Let i(u) = 11*a(u) + 6*w(u). Is i(o) a prime number?
False
Suppose 0 = -q + 8*q - 7. Let o be (0 - (-12)/(-3))/q. Is (-5 - (-215)/(-25))/(o/10) prime?
False
Let s = -22182 + 37983. Suppose v + s = 2*m, 9*m + 5*v + 15797 = 11*m. Is m a prime number?
True
Let r(i) = 3984*i - 301. Is r(5) a composite number?
True
Let z = 72662 - 35580. Is z prime?
False
Suppose 22*c - 3*h = 15*c + 6453601, 4*c = h + 3687772. Is c prime?
False
Let s(v) = v**3 + 127*v**2 - 67*v - 1214. Is s(-125) composite?
True
Suppose 0*p = 17*p - 85. Suppose 187 - 5867 = -2*c - v, -p*v + 14195 = 5*c. Is c a prime number?
False
Is ((-22488)/96)/((-1)/28) prime?
False
Let z be (3/(12/32))/(-1). Let n be z/((-9)/(18/4)). Let f(s) = s**3 - 4*s**2 + 7*s - 5. Is f(n) prime?
True
Suppose 0 = -6*q + 3412 - 52. Let o = q - -341. Is o prime?
False
Suppose 0 = -0*j - j - 5. Let r = 3069 + -3521. Is 7/(-7) - j/((-5)/r) prime?
False
Suppose -3*m - 685 = 2*m. Let c be (-4 + -4 + 7)*m. Let z = 206 - c. Is z a composite number?
True
Suppose 2*a - 5 = 5*o, 2*o + 26 = -5*a + a. Is 30639/((-6)/6*o) composite?
True
Let v(g) = -g**3 - 19*g**2 - 35*g + 10. Let m be v(-17). Suppose m = 8*r - 5*r. Is (-9)/r - (1 - 61) a composite number?
False
Let f(j) = j**3 + 4*j**2 + 2*j + 10. Let h be f(-4). Suppose 19*m - 85220 = 17*m + 5*w, 0 = h*m + 2*w - 85206. Is m composite?
True
Suppose -5*a = -5*t - 262941 + 2002526, a - 1391698 = -4*t. Is t prime?
False
Let j = 14263 - -5694. Suppose -5*l - 4*m = -j, l + 14 - 4009 = -2*m. Is l composite?
False
Let r(y) = -y**2 + 16*y - 38. Let a be r(21). Let u = 562 + a. Let p = u - 262. Is p prime?
True
Let i(m) = 16*m**3 + 12*m + 26 - 13*m**3 + m**2 - 5*m**3. Let w be i(-8). Suppose 7*b - 18505 = w. Is b composite?
False
Suppose -4*k + 467150 = p, 2*p + 350355 = 3*k + 4*p. Is k a composite number?
False
Suppose 10*h - 789 + 739 = 0. Is 0 + 4705 + 84/(-70)*h prime?
False
Suppose 528636 - 162578 = 7*t. Suppose -38*z + 159188 = t. Is z composite?
True
Let z = 84 - 49. Suppose 34*o = z*o - 2. Suppose -3*l = 2*j + 114 - 343, -l = -o*j + 225. Is j a prime number?
True
Let v be (6564/15)/((-33)/(-1320)). Suppose -25*d + 23421 + v = 0. Is d composite?
False
Let x be (-1)/(0 + (-4)/732). Let n = 99 + x. Is n/4 - (-1)/2*-3 composite?
True
Suppose -138 = -5*z - 168, 4*b + 4*z = 71668. Is b a composite number?
False
Suppose -5*i - 3*n = -56, 46 = 5*i - i + 2*n. Let o(h) = 4*h - 49. Let g be o(i). Suppose 2*k = 5*d + 614, -g*k = -5*d - 172 - 749. Is k a composite number?
False
Let d(f) = 6*f - 87. Let b be d(15). Suppose 0 = 6*u - 4*u + 3*c - 1114, 4*c = b*u - 1671. Is u composite?
False
Let u be (-10)/(((-1)/4)/((-3)/12)). Let b be (-4)/u + 26/10 + 40. Let p = 106 + b. Is p a prime number?
True
Let o(m) = m**2 - 2*m - 3. Let z be o(-2). Suppose -z*v + 3*s = -22, -s + 16 = -5*s. Suppose -2*l - l - 789 = -3*y, -l = -v*y + 522. Is y prime?
False
Let m(j) = 7*j**2 - 9*j - 4*j**2 + 10 + 12*j**2. Let s = -4713 + 4705. Is m(s) a composite number?
True
Let c(q) = -4*q - 10. Let d be 3/(-9)*(-3 + 12)*1. Let b be c(d). Is (6/(-9) + (-451)/(-6))*b a composite number?
False
Suppose -9147564 = -35*y - 89*y + 88*y. Is y composite?
True
Let o(y) be the second derivative of 1253*y**3/6 + 42*y**2 - 16*y - 2. Is o(5) a prime number?
False
Is (481/(-65))/(118017/(-413035) - 50/(-175)) composite?
True
Suppose -6*b = -7*b - 1. Let m be (b + 3/(-2))*1366. Let n = m + 5466. Is n a composite number?
True
Let t = -787 - 1523. Let i = -1433 - t. Is i composite?
False
Let m be (9670/30)/(2/(-6)) + -2. Let u = 2275 + m. Is u a prime number?
False
Is (-9)/(-36)*(0 - -34828) prime?
True
Let v = 157 - 146. Let l(r) = 32*r**3 + 7*r**2 - 9*r - 2. Let d be l(9). Suppose v*a - 15*a = -d. Is a a composite number?
False
Suppose -o + 554813 = 5*t, 4*t - 5*o - 532433 = -88571. Is t prime?
False
Let h be -1 - ((-12)/3 - 1). Suppose -8*v + h*v + 8 = 0. Is v/(-12)*2*(0 - 1899) a prime number?
False
Suppose -5*p + 5652649 = 4*a, 171*a = 169*a - 3*p + 2826325. Is a prime?
True
Let z be (30961/21 + 3 - 0) + (-9)/27. Let v(o) = 6*o**3 - 4*o**2 - 2*o + 2. Let a be v(-4). Let x = a + z. Is x composite?
False
Let k = 2990154 + -1979483. Is k prime?
True
Suppose 3*k - 849086 = -3*u - 277583, -952503 = -5*k - 4*u. Is k composite?
True
Let a(j) = -2112*j - 1495. Is a(-49) composite?
True
Let a(g) = 31 - 7*g - 2 +